2 - 8*k - 2. Determine c(s).
-11
Let q(a) = a - 2. Let u(j) = -4*j + 10. Let g(z) = 9*q(z) + 2*u(z). Give g(-5).
-3
Let v(u) = -5*u**2 - 12*u - 1. Let a(y) = 11*y**2 + 25*y + 3. Let l(z) = -6*a(z) - 13*v(z). What is l(7)?
-12
Let s(v) = v**3 - v**2 - 2. Suppose j = -3*j - 36. Let n = j + 15. Let c be 8/n*3/2. What is s(c)?
2
Let w(s) = -5*s + 5*s + s + 1. Give w(-6).
-5
Let y(r) be the second derivative of -r**4/12 + 4*r**3/3 + 6*r**2 + 33*r. Calculate y(9).
3
Let d(k) = k**3 + 3*k**2 + k - 4. Suppose -2*f - 2*w = 10, 3*f - 3*w + 3 = -0. What is d(f)?
-7
Let v(b) be the first derivative of 6*b - 1 - 1/2*b**2. What is v(4)?
2
Let m(g) = g**3 + 6*g**2 + 5*g + 5. Let l be m(-5). Suppose -l*t + t - 20 = 0. Let u(w) = -3*w - 6. Determine u(t).
9
Let c(x) = x + 1. Let j(q) = 2*q + 8. Let g(s) = c(s) - j(s). What is g(-6)?
-1
Let h(f) = -f**2 + 9*f + 8. Let k be h(9). Let b be k/(-10)*10/4. Let i(u) = u**2 + 2*u. What is i(b)?
0
Let p(c) = c + 3. Let g(j) = -j - 6. Let z(r) = 2*g(r) + 5*p(r). Determine z(7).
24
Let s(c) = c**3 - 3*c**2 + 3*c - 3. Let r be 0 - (1 + (-16)/2). Let k = r - 5. Give s(k).
-1
Let y(a) = 85*a. Suppose -i + 10 = -3*c + 3*i, -5*i + 5 = 0. Let t(x) = 7*x. Let h(j) = c*y(j) + 25*t(j). What is h(1)?
5
Let w(j) be the first derivative of -j**2/2 + 8*j - 1. Let k = -1 - -5. Determine w(k).
4
Let v be 4/(-3)*6/(-4). Let c(h) = 3 - 4*h + v - 5*h**2 + 6*h**2. Give c(4).
5
Let i(c) = c**2 - 8*c + 7. Let g be 20/6*1*45/25. Determine i(g).
-5
Suppose 0 = -3*k - k - 4. Let u(b) be the first derivative of -4*b**3 + b**2 + b + 105. Determine u(k).
-13
Suppose 0*j - 4 = 2*j. Let h = 3 + -2. Let u(n) = 3*n - h - n - 4*n. Calculate u(j).
3
Let h(w) be the third derivative of 0*w + 1/24*w**4 + 1/120*w**6 - 1/15*w**5 + 1/3*w**3 + 0 - w**2. Let l = -32 - -36. What is h(l)?
6
Let p(f) = -3*f**2 + f**2 - 41 + 40 - 3*f. Give p(-2).
-3
Let k(a) = -a**3 + 2*a**2 + a + 1. Suppose -2*w - 3*w - 3*z = 5, w + 5*z + 23 = 0. What is k(w)?
3
Suppose 2*z = 3*d + 27, z - 2*z = 3*d - 18. Suppose 4*p - 5*h = -z, -h - h = 4*p + 22. Let m(a) = a**3 + 7*a**2 + 6*a - 5. Determine m(p).
15
Let t = -3 + 5. Let w(i) = -t*i + 4 + i**2 - 2*i**2 - 2*i. Let c be (136/(-6))/4 - (-10)/15. Give w(c).
-1
Let a(k) be the first derivative of -k**4/12 - k**3/3 - 3*k**2/2 + 2*k + 3. Let u(v) be the first derivative of a(v). Determine u(-3).
-6
Let o(v) = v**2 - 5*v + 5. Let c be (-119)/(-34) - (-2)/4. Calculate o(c).
1
Let z(w) = w**3 - 4*w**2 - w + 5. Let q be z(4). Suppose -o = -2 - q. Let t(k) = -k**2 + 5*k + 2. What is t(o)?
8
Let d = 3 - 3. Let v(o) = -o**3 + o**2 - o + 8. Determine v(d).
8
Let g(y) = -4*y - 1. Let f = -2 + 4. Suppose -f*q + 7 = -3. Suppose -q = -4*a - a. Give g(a).
-5
Suppose -2*s = 3*s - 25. Let m(f) be the third derivative of -f**6/120 + f**5/12 + f**4/24 - f**3/6 - 2*f**2. Calculate m(s).
4
Let q(k) = k**3 + 10*k**2 - 10*k + 13. Let v be q(-11). Let b(a) = a**3 - 3*a**2 + 3*a. Determine b(v).
2
Suppose -5*u = 3*y + 22, -4*y - 3*u - 17 = -6. Let t(l) be the second derivative of -9*l**5/20 + l**3/3 - l**2/2 + l. What is t(y)?
-8
Let o(y) = -y**2 - 9*y + 4. Let u(c) = c. Let p(h) = -o(h) - 6*u(h). Let g be (-46)/(-6) - (-1)/3. Suppose 2*i + 3 = -5*s, 4*i + 4 = -4*s - g. Give p(i).
0
Let h = 2 - 0. Suppose -3 = o - h*o. Suppose a = o*a + 8. Let n(t) = t**2 + 4*t - 5. Determine n(a).
-5
Let k(i) = i + 9. Let r(o) = o**2 - 9*o + 10. Let g be r(7). What is k(g)?
5
Let h(z) = 2*z**2 + 4*z + 3. Let f(a) = a**3 - 7*a**2 + 7*a - 5. Let t be f(6). Let r be (3 + 0)/t*1. Let x be -1*(-2)/(-3)*r. Calculate h(x).
3
Let k(n) = 0*n**2 - n**2 + 4*n - 3*n - 6 - 2*n. Let d be k(0). Let b be ((-10)/15)/((-1)/d). Let w(t) = t**2 + t - 4. Determine w(b).
8
Let t(z) = -1. Let q(o) = -o + 6. Let p(c) = -q(c) - 5*t(c). What is p(-4)?
-5
Suppose -4*m + 5*i - 15 = 0, 0 = 2*m - 0*m + 2*i + 12. Let y(x) be the second derivative of x**3/6 + x**2/2 + x. Calculate y(m).
-4
Let q(g) = -g**3 - g + 6. Suppose 0*a + 4*a + 8 = 0. Suppose -5*x = -4*x + 2. Let c = x - a. What is q(c)?
6
Let m = 4 + 1. Let o = -3 + m. Let r(u) = -10*u**2 + 13*u - 9. Let t(v) = 3*v**2 - 4*v + 3. Let s(w) = -2*r(w) - 7*t(w). Calculate s(o).
-3
Let q be (-1)/5 + (-130)/(-25). Suppose -q*x + 8 - 3 = 0. Suppose -4*s - 3 = x. Let f(t) = t. Determine f(s).
-1
Let f(v) = 2*v - 4. Let z be f(3). Suppose -3*u = -4*k - 15, 3*k + 5*u = 5*k + 25. Let c(o) = k + 0*o - 2 - o. Calculate c(z).
-4
Let i(b) = -b + 276 - b**2 + 4*b - 272. Determine i(4).
0
Let u(v) = -13*v + 5. Let l(j) = 9*j - 3. Let t(h) = -7*l(h) - 5*u(h). Let n(i) = -i. Let c be n(-4). Give t(c).
4
Let i(w) = -w**2 - 4*w. Suppose 4*f + 46 = -3*d + 6*d, 3*d - 56 = 2*f. Suppose -5*m = d + 3. Give i(m).
-5
Let r(s) = -s**3 - 5*s**2 - s + 3. Suppose 0 = i + 2*i - 21. Let f be (-6)/21 + 44/i. Let b be (f - 4)*(-10)/4. Determine r(b).
8
Let f(d) = d**2 + 2*d. Let j be (-3 + -17)/5 - -2. Calculate f(j).
0
Let z be (-1)/(-1)*(-6 - -2). Let q be 2/(-1) - (z + 3). Let i(d) = 8*d**2 + 2*d + 1. Calculate i(q).
7
Let n(c) be the third derivative of 1/12*c**4 + 0 + 0*c + c**2 - 2/15*c**5 - 1/6*c**3. Determine n(1).
-7
Let z(g) = -4*g**2 + 10*g - 6. Let h(y) = 5*y**2 - 11*y + 6. Let b(d) = 3*h(d) + 4*z(d). Calculate b(4).
6
Let j(g) = -g**3 + 5*g**2 + 3*g - 1. Let l(a) = 3*a**3 + 4*a**2 - 9*a + 3. Let x(c) = c**3 - c. Let z(y) = -l(y) + 5*x(y). Let w be z(2). Give j(w).
14
Let g(p) = 3*p + 1. Let m(n) = 16*n + 6. Let q(d) = 11*g(d) - 2*m(d). Let r = -3 - -5. Suppose x + x = 4*c + r, -20 = -5*c - 2*x. Determine q(c).
1
Let r(g) = -g**3 - g**2 + g + 10. Let t(s) = -s**3 - 6*s**2 - 6*s - 1. Let y be t(-4). Let x = y - -9. Give r(x).
10
Let x(g) = -5*g**3 + 5*g**3 - g**2 - 1 - g**3 - 2*g. What is x(-1)?
1
Let u(b) = 4*b**3 + 1. Let h = 9 + -10. Give u(h).
-3
Let p(w) = w**2 - w + 1. Let a(q) = -3*q**2 + 7*q - 1. Let n(b) = a(b) + 2*p(b). Let i be 10/(30/(-9)) + 8. What is n(i)?
1
Let o(y) = -y**2 - y + 2. Let h be (-5 + 4 + 0)*3. Give o(h).
-4
Let f = -128 + 136. Let m(o) = -o**3 + 8*o**2 + o - 4. What is m(f)?
4
Let p be 23/7 - 2/7. Let g(z) = 4 - 3*z**3 - 7*z + 3 - 4*z**2 + 2*z**p - 1. Let a(i) = i**3 + 4*i**2 + 6*i - 5. Let l(o) = -7*a(o) - 6*g(o). Determine l(-4).
-1
Let s be (-2)/(-8) + (-76)/(-16). Let w(t) = t + 8. Let m be w(-6). Let o(a) = -m + 2*a - a - 1. Determine o(s).
2
Let n(b) be the first derivative of b**3/3 + b + 6. What is n(0)?
1
Let r(t) = -t**3 + 5*t**2 + t - 1. Suppose -2*d + 10 = 2*o - 5*o, 4*o = -5*d + 25. What is r(d)?
4
Let l(q) = -q + 25. Let c be l(0). Let o be (-2)/10 + (-45)/c. Let w(t) = t**3 + 2*t**2 + 2*t + 3. Determine w(o).
-1
Suppose -5*w = f - 1, 0 = -5*w - f + 6*f - 5. Let p be (1 - w)*0 + 0. Let t(m) = -m - 1. Let l(s) = -5*s. Let y(q) = l(q) - 6*t(q). What is y(p)?
6
Let y(f) be the first derivative of -1/2*f**4 + 4/3*f**3 - 3/2*f**2 + 8 + 2*f. Calculate y(2).
-4
Let u(c) = 8*c**2 - c + 10. Let j(m) = 9*m**2 - 2*m + 11. Let f(t) = -6*j(t) + 7*u(t). Let q(b) = -2*b - 1. Let h be q(1). Calculate f(h).
7
Suppose -13*r + 12*r + 3 = 0. Let j(a) = 2*a. Calculate j(r).
6
Let c(v) = -884*v + 879*v + v**2 + 3 - 11. What is c(6)?
-2
Let k = 8 + -5. Suppose -5*t - 4*m = -k*t + 2, m = 4*t - 14. Let z(b) = b**2 - 2*b - 3. Determine z(t).
0
Let g(s) = s**3 + 4*s**2 - 4*s + 7. Let u(d) = -d**2 + 13*d + 25. Let y be u(15). Give g(y).
2
Let l(f) = -f**3 + f**2 + f - 2. Let t(x) = 5*x**2 + x + 9. Let z(p) = -3 - p**2 + 0*p**2 + 1. Let s(a) = -2*t(a) - 9*z(a). Let c be s(-2). Give l(c).
-2
Let u(m) = -35*m - 2. Let x(c) = 12*c + 1. Let o(q) = 4*u(q) + 11*x(q). Let l(y) = 9*y - 4. Let t(n) = 5*l(n) + 6*o(n). Give t(-3).
7
Let g = -31 - -33. Let u(r) be the first derivative of 1/2*r**2 - 1 + r. What is u(g)?
3
Let f(b) = b + 1. Let o(l) = -l**2 + 12*l + 10. Suppose 0 = -2*u + 1 - 9. Let m(h) = u*f(h) + o(h). What is m(9)?
-3
Let l = -2/71 - -77/213. Let k(o) be the first derivative of 3*o**2 + 6*o - l*o**3 - 4. Determine k(6).
6
Let u(g) = g**3 + g**2 + g + 2. Let t be -1 - (-4 + 1) - -1. Suppose -2*p + 24 = t*v - 6*p, 4*p = v - 16. Suppose -v*m = -m. Calculate u(m).
2
Let l(x) = -x**3 + 4*x**2 + 7*x - 7. Let g be l(5). Let y(w) be the third derivative of w**2 + 7/6*w**g - 1/8*w**4 + 0 + 0*w - 1/60*w**5. Give y(-5).
-3
Let a = -29 + 35. Let h(r) = -r**2 + 